ppose 5*i - 3*p - 25 = 2*p, 5*i = -5*p + 5. What is the greatest common factor of i and j?
1
Let l(w) = w**3 + 17*w**2 + 24. Let a be l(-17). Calculate the greatest common factor of a and 16.
8
Let h = 5 + 2. Let r(c) = c**3 + 2*c**2 - 3*c - 5. Let y be r(-2). What is the greatest common divisor of y and h?
1
Suppose 4*m - 5*h = 457, m - 123 = 3*h - 0*h. Calculate the greatest common divisor of 27 and m.
27
Let s = -8 - -11. Suppose -s*t + 0*t = 12, -y - 5*t = 17. Suppose -h + 5*h - 28 = -y*p, 5*p - h - 39 = 0. Calculate the highest common factor of 40 and p.
8
Let k(i) = 2*i + 34. Let x be k(9). Let v be 2*7 - (-2)/(-2). What is the greatest common factor of v and x?
13
Let f = 16 + -6. What is the highest common factor of 25 and f?
5
Suppose o = 2*x - 3*o - 124, 191 = 3*x - 5*o. Let v be (2/(-6))/(2/(-258)). Let h = -25 + v. What is the greatest common divisor of h and x?
18
Let x = 48 + -12. Let r be -2 + 10/2 + 1. Calculate the greatest common factor of x and r.
4
Let k(y) = y**2 - 4*y - 4. Let o be k(4). Let u = o - -19. Let i(a) = 2*a**2 + a. Let v be i(7). What is the highest common factor of v and u?
15
Suppose 0 = -g + 39 - 3. Suppose 3*z - 42 = -4*w, w + z = -2*w + 29. What is the greatest common factor of g and w?
9
Let l(q) = q**3 + 8*q**2 + 6*q - 5. Let r be l(-7). Suppose -3*f = -2*c + 5 + r, -2*f = 5*c - 27. Calculate the highest common factor of f and 5.
1
Let q be (-82)/(-10) + 8/(-40). Let g be (q/(-6))/(-1)*18. What is the highest common factor of 264 and g?
24
Let y be (4 - 0)/(-2)*2. Let a = y - -12. Suppose 3*u + a = 4*u. What is the highest common divisor of 12 and u?
4
Suppose -5*c + 26 = -14. Let m = -76 + 88. What is the highest common factor of m and c?
4
Suppose -2*v - 27 = -v. Let n = v + 47. Let u(f) = -f**3 + 4*f**2 + 7*f. Let h be u(5). Calculate the greatest common factor of h and n.
10
Suppose 4 = -4*j - 4. Let d be (-3)/(j - (-129)/60). Let l = d + 34. What is the greatest common divisor of 21 and l?
7
Suppose -b + 15 = 4*b. Let f = 10 - b. Suppose 5*v = 105 + 140. Calculate the greatest common factor of v and f.
7
Suppose -4*m - 2*m + 78 = 0. What is the greatest common factor of m and 13?
13
Suppose -3*m - 2*r = -81, 0 = -2*m - 10*r + 5*r + 65. Suppose 3*c = -2*c + 25. Calculate the greatest common factor of m and c.
5
Suppose -3*b + 135 - 45 = 0. What is the highest common divisor of 10 and b?
10
Let k(q) = -3*q - 11. Let n be k(-8). Let x = n + 3. What is the highest common divisor of 144 and x?
16
Let a(v) = -75*v**2 + 5*v - 11. Let k(t) = 15*t**2 - t + 2. Let j(i) = 2*a(i) + 11*k(i). Let n be j(1). Calculate the greatest common divisor of 14 and n.
14
Let z = -6 + 8. Let d be (1 - 6)/(4 + (-13)/2). Calculate the greatest common divisor of d and z.
2
Suppose -4*i + 83 + 41 = 0. Suppose -4*m + 33 + i = 0. Calculate the greatest common factor of m and 176.
16
Let n be (2 + 4)*(0 + 2). Let b(x) = x**2 + 6. Let s be b(n). Let l = s - 106. What is the greatest common factor of l and 4?
4
Let w(v) = 1 + 5 + 9*v**2 + 2 + 5*v + v**3. Let d be (4/6)/((-3)/36). Let c be w(d). Calculate the greatest common factor of 16 and c.
16
Let b = -65 - -197. Calculate the greatest common divisor of b and 12.
12
Suppose -u + 3 = -q + 4*u, 48 = 3*q + 4*u. What is the highest common factor of q and 42?
6
Suppose 5*c - 118 + 370 = 2*q, 504 = 4*q + 4*c. What is the highest common factor of q and 84?
42
Let v(s) = -33*s + 6. Suppose -5*r = 5*o, 0 = -0*r - 4*r - 3*o - 3. Let t be v(r). What is the greatest common divisor of 15 and t?
15
Let s(g) = -g**3 + 2*g**2 + 4. Let q be s(0). Calculate the greatest common divisor of 10 and q.
2
Let s(k) = -k - 6. Let t be s(-7). Let y be ((-39)/6)/(t/(-2)). What is the highest common divisor of 39 and y?
13
Suppose 3*u = 3*a + 201, -4*a = -3*a + 1. Suppose 0 = 2*t - 4*q - 46, 0*q = 5*q + 25. Let f = -7 + t. Calculate the highest common divisor of f and u.
6
Suppose v = 4*f - 95, -3*f - v + 113 = 40. Let b(j) = -j**3 + j. Let k be b(0). Suppose l = -k*l + f. What is the greatest common divisor of l and 8?
8
Let w(p) be the first derivative of -11*p**2 - 1. Let h be w(-4). What is the greatest common factor of h and 11?
11
Let q(k) = 3*k - 6. Let h be q(4). Calculate the highest common factor of 18 and h.
6
Suppose 0 = -h - 7 + 37. Let k be -9 + (-78)/(-9) - 62/(-6). Calculate the greatest common divisor of h and k.
10
Let j = 5 + -3. Let a be 34 - (0/3 - j). What is the greatest common factor of a and 12?
12
Suppose -g - 22 = -3*g. Suppose 0 = 4*o - 2 - 2. Let v be 2/o*g/2. What is the greatest common factor of v and 77?
11
Suppose 4*y + 2*n - 20 = 0, -4*n = y - 5*n - 11. Let h be 138/y - (-4)/14. What is the greatest common divisor of h and 100?
20
Suppose 2*h + 5*k - 18 = 0, 0 = -2*h + 2*k - 0*k + 4. Calculate the highest common factor of 32 and h.
4
Let c(i) = 6*i**2 - i + 1. Let l be c(-1). Suppose 3*r - 12 = 0, 0*r = 3*d + r - 10. What is the highest common factor of d and l?
2
Let s = 12 - 10. Suppose s*h + 3*p - 186 = p, -285 = -3*h - 5*p. What is the highest common factor of 10 and h?
10
Let u be (20 + -4)*2/4. Calculate the highest common factor of u and 16.
8
Let s(l) = 46*l**2 + l - 1. Let c be s(-1). What is the greatest common factor of c and 4?
4
Suppose -5*u + 3*c - 73 = 132, 0 = -c. Let t = u - -83. Suppose -y + 35 - 7 = 0. What is the highest common factor of t and y?
14
Suppose 36 = 5*t + 21. Suppose z + 2*z + t*k - 33 = 0, -36 = -z + 4*k. What is the greatest common factor of z and 80?
16
Suppose -19 = -h + 3*t, 3*t - 2*t = -2*h + 10. Calculate the highest common factor of h and 154.
7
Let l = 6 - 1. Let k(z) = -z**2 - 14*z - 5. Let u(w) = w**3 + 3*w**2 + 2*w - 4. Let j be u(-3). Let s be k(j). What is the highest common divisor of s and l?
5
Let k be 112/(-3) + 2/6. Let j = -21 - k. Suppose 5*q - 736 = -4*h, 4*q + 4*h - 531 = 61. What is the greatest common factor of j and q?
16
Let x be (-164)/(-10) - (-6)/(-15). Let c = -118 - -230. What is the highest common factor of c and x?
16
Suppose -4*t = -3*t - 103. Suppose 5*s + 28 = t. Let b(i) = 12*i + 12. Let x be b(9). Calculate the greatest common divisor of s and x.
15
Let w(y) = 7*y + y**3 - 2 - 3*y - 7*y**2 + 3*y - 2*y. Let f be w(8). Calculate the highest common divisor of f and 17.
17
Let o be -5*(-4 + 2 + 1). Let i(h) = 3*h - 4. Let w be i(o). Suppose 0*b + 176 = 2*b. Calculate the greatest common divisor of b and w.
11
Suppose 6*n = 2*n + 44. Suppose h + 3*u = -5, -h - 4*u - u = n. Suppose b + h*b - 320 = 0. Calculate the greatest common factor of b and 8.
8
Suppose -3*w = 5*t + w - 1670, 5*w = -t + 355. Suppose -u = -4*b - 60 - 23, -t = -5*u + 3*b. What is the greatest common divisor of 9 and u?
9
Let g = -84 - -128. Calculate the greatest common divisor of g and 22.
22
Suppose -4*u + 5*u = 104. Let g = 39 - 26. What is the highest common divisor of g and u?
13
Let s(x) = -4*x - 3. Let t be s(-3). Suppose -4*c = -2*c - 4. Let i be (-12)/(-6)*c/4. Calculate the greatest common divisor of t and i.
1
Let x = -10 + 18. Calculate the highest common factor of x and 72.
8
Let g be ((-8)/6)/((-6)/675). What is the highest common factor of 15 and g?
15
Let l = -7 - -106. Calculate the greatest common divisor of l and 9.
9
Suppose -67 = -2*k + 13. What is the highest common factor of k and 60?
20
Let o(j) = j**3 + 4*j**2 + 4*j + 3. Let v be o(-2). Let w be (20/(-12))/((-1)/v). What is the greatest common factor of w and 25?
5
Suppose 5*x - 204 = x. Suppose -3*c - x = -3*f, -4*c + 2*c - 2 = 0. Suppose 240 = z + 4*z. What is the greatest common factor of z and f?
16
Let y be 3/((-1556)/312 - -5). What is the highest common divisor of y and 18?
18
Let o = -14 - 4. Let h = -16 - o. Calculate the highest common factor of 16 and h.
2
Suppose 0 = k + k. Let p(i) = 1 + k - i**3 - 4 + 1 + 8*i**2 + 10*i. Let u be p(7). Calculate the highest common factor of 13 and u.
13
Let j(l) = -4*l - 2. Let b be j(-1). Let z = 1 + b. What is the greatest common divisor of 27 and z?
3
Suppose 102 - 827 = -5*b. Calculate the greatest common factor of 58 and b.
29
Let v be 1/1 + 54 + -1. Let b be 0/(-1) - 0 - (21 - 27). Calculate the greatest common divisor of b and v.
6
Let p be (4/(-1))/(26/(-117)). Calculate the greatest common factor of 54 and